3/3 + w**2 - 8. Let a be -2 - (-3 + 3) - 4. Let j be 4/(((-20)/a)/5). Determine z(j).
4
Suppose a = -8*a + 45. Let g(q) = -a + 7*q - 8*q + 1 + 2. Give g(-3).
1
Let k(a) be the third derivative of a**8/20160 + a**7/1680 + a**6/360 - a**5/2 - 16*a**2. Let q(t) be the third derivative of k(t). Let m = 5 + -10. Give q(m).
12
Let a be 6/9*-15 + 2. Let m be a/10*(-20)/8. Suppose 5*g - m*p = -36, g - 2*p = 2*g. Let d(w) = w**3 + 5*w**2 - 8*w - 4. Calculate d(g).
8
Suppose 0 = -m - 6*m. Let x be m/2 + -1*(-4)/(-4). Let d(s) = 10*s**2 + 2*s + 1. Determine d(x).
9
Let v(b) = 30*b**3 + b**2 - 1. Let o = 2 - -4. Let q be (o/(-15))/(8/(-20)). Give v(q).
30
Suppose -3*w - y = -6*y - 40, -5*w + 4*y + 71 = 0. Let g be ((-4)/(-5))/(6/w). Let a(j) = j**2 - j + 4*j - g*j + 13. Give a(0).
13
Let o be 15/5 + -3 - (-12)/2. Let g(p) be the third derivative of p**5/60 - p**4/3 - p**3/3 + p**2. What is g(o)?
-14
Let n(a) be the second derivative of a**4/6 - 7*a**3/3 + 3*a**2 + 52*a. Let j be n(6). Let c(y) = -y**3 - 8*y**2 - 10*y - 9. What is c(j)?
-21
Let n(l) = -l + 4. Let q(t) = -t**2 + 15*t + 25. Let x be q(20). Let o = x - -78. What is n(o)?
1
Let d(t) be the second derivative of t**6/720 - t**5/8 + t**4/6 + 4*t. Let u(r) be the third derivative of d(r). Let o be (10 - 8) + 8/(-2) - -2. Give u(o).
-15
Let x be 4/18 - (-1264)/144 - -1. Let o(r) = 2*r - 18. Calculate o(x).
2
Let y(p) = p**3 + 24*p**2 - 216*p + 34. Let z be y(-31). Let b(u) be the third derivative of -z*u**2 - 1/6*u**3 + 0 - 3/8*u**4 + 0*u. Determine b(-1).
8
Let h(t) = 3*t + 9. Let j(w) = -w**3 - 5*w**2 + 13*w - 11. Let c be j(-7). Determine h(c).
-3
Suppose 0 = 2*t + t - 3, 3*p + 2*t - 8 = 0. Let n(c) = 2*c - c - 1 - 2 + p. Let w(i) = 2*i**2 + 8*i - 5. Let m be w(-5). Give n(m).
4
Let y(w) = -w**2 + 8*w - 13. Suppose -3*j - 5*m + 46 + 0 = 0, 4*m = 2*j + 6. Determine y(j).
-6
Let a(d) = 18*d**2 - d**3 - 4*d - 16*d**2 + 1 + 8*d**3 - 6*d**3. What is a(3)?
34
Let f(z) be the second derivative of z**4/12 - 7*z**3/6 + 7*z**2/2 + 13*z. Determine f(5).
-3
Let v(t) be the first derivative of t**3/3 - 2*t**2 + 4*t - 1. Let y(r) = -2*r**2 + 3*r + 2 + 3*r**2 - 3. Let l be y(-4). Give v(l).
1
Let m(l) = -l**3 + 4*l**2 - l. Let j(i) = -i**2 - 3*i - 1. Let c be j(-3). Let z be (c - 0)/((-2)/6). Let g = 7 - z. What is m(g)?
-4
Let j(d) = -d**2 - 27*d - 53. Let h be j(-25). Let t(n) = 2*n**2 + 3*n - 1. What is t(h)?
8
Let m(n) = -2*n**2 - 40*n - 35. Let v(l) = -l**3 - 5*l**2 + 5*l - 25. Let g be v(-6). Determine m(g).
3
Let u(n) = 4*n**3 - 2*n**2 + n. Let g be u(1). Let y(c) be the second derivative of c**5/20 - 5*c**4/12 + 5*c**3/6 - 3*c**2/2 + 6*c. Determine y(g).
-6
Let m(l) = -l**2 + 3*l + 2. Let u = -139 - -151. Let f be ((-18)/u)/(2/4). Calculate m(f).
-16
Let h = -23 + 19. Let i(y) = -y**2 - 4*y + 5. Let m be i(h). Suppose -l = -5*l - q + 16, -m*l + 4*q = -41. Let z(d) = 2*d + 3. Calculate z(l).
13
Let g be (-1)/(1/5) - (24 + -36). Let v(s) be the third derivative of 0*s**3 + 1/30*s**5 + 0 - 1/20*s**6 - g*s**2 + 0*s - 1/24*s**4. What is v(1)?
-5
Let u be 0 - 2 - -1 - -7. Let g(q) be the second derivative of -q**5/20 + 5*q**4/12 + 5*q**3/6 - 4*q**2 + 5*q. Determine g(u).
-14
Let c(x) = x + 8. Let l(q) = -q - 19. Let a be l(0). Let g = 13 + a. Determine c(g).
2
Let w(f) = -10*f + 1. Suppose 4*g + 42 - 26 = 0. Give w(g).
41
Let k be 35/10 + (-2)/(-4). Let n = 8 - k. Let b(x) be the first derivative of -x**4/4 + 2*x**3 - 2*x**2 - 4*x + 85. Give b(n).
12
Let v(b) be the first derivative of -b**3/3 + 7*b**2/2 + 7*b - 1. Let f = 357 + -351. What is v(f)?
13
Suppose 3*r + 0*r = -n - 17, -3*r - 3*n - 27 = 0. Let p be (-10)/(0 - r/4). Let o be 66/14 - p/35. Let s(g) = -g**3 + 4*g**2 + 6*g - 6. Determine s(o).
-1
Let b = -13 - -13. Suppose b = -0*n - 2*n + 4. Let f be (-3)/n*12/18. Let w(h) = -h**3 - 2*h**2 + h + 1. What is w(f)?
-1
Suppose 2*j - 23 = -2*r - 27, 0 = -4*j. Let p(b) = b**2 + 5*b + 11. Calculate p(r).
5
Suppose 3 - 18 = -5*a. Suppose -a*j + 8 = -j. Suppose -t + 10 = t, t = j*i - 7. Let o(k) = k**3 - 3*k**2 - 4. Determine o(i).
-4
Let r = -134 + 228. Let c = r - 92. Let t(y) = 2*y**2 - 4*y + 2. Give t(c).
2
Suppose 0 = 4*z - 7*z + 6. Let l(q) = 1 + 1 - z + 4*q. Let h(j) = -j + 9. Let m be h(6). Calculate l(m).
12
Let c be (3 - (-572)/(-96)) + -5 + 8. Let f(j) be the third derivative of c*j**4 - 5*j**2 + 0*j + 0 - 1/60*j**5 - 7/6*j**3. Determine f(0).
-7
Let m = 233 - 230. Let p(x) be the third derivative of -x**m + 0 - 1/12*x**4 + 0*x - 5*x**2. Calculate p(-4).
2
Let u(w) be the first derivative of -5*w + 1/3*w**3 - 12 + 1/2*w**2. Give u(-4).
7
Let c = 479 - 227. Let k = -254 + c. Let a(q) be the second derivative of -2*q**3/3 - q**2 + q. Calculate a(k).
6
Let d(j) be the first derivative of -j**4/4 - j**3 + 5*j**2/2 + 5*j + 12. Suppose -15*n + 18*n + 12 = 0. What is d(n)?
1
Let a(g) = 2*g. Let j = 31 + -36. Let c be 2/(-5) - (j - 16/(-10)). Determine a(c).
6
Suppose -47 = 5*c - 2*n - 2, 27 = -3*c + 4*n. Let m(u) = -u**3 - 8*u**2 + 6*u - 9. What is m(c)?
18
Let k(f) = -f**3 + 2*f - 1. Let g be k(-2). Suppose 1 = -2*o + g. Suppose -o - 18 = -5*i - 3*l, -2 = 5*i - 4*l. Let z(m) = -m**3 + 3*m**2 - 1. Calculate z(i).
3
Let i be -4*152/96*-3. Let m(l) = -l**2 + 22*l - 56. Give m(i).
1
Let t be 2/4 + 27/(-6). Let z(o) = o**2 - 1. Suppose 0 = -m + 2*p - 15, -4*m + 2*m - 3*p = -5. Let f(a) = -6*a**2 - 5*a. Let n(r) = m*z(r) - f(r). Give n(t).
1
Let w(q) = -q**2 + 4*q - 5. Let k = -49 - -56. Suppose -k*b + 14 = -14. Calculate w(b).
-5
Let b(u) = u**3 - u**2 + u. Let y(w) = -4*w**3 + 15*w**2 + 3*w - 11. Let p(i) = 5*b(i) + y(i). Calculate p(-9).
-2
Suppose -6 = -t + 3*t. Let k(g) = 5*g - 13. Let s be k(6). Let o(c) = 8*c + 10*c - s*c + 4. Determine o(t).
1
Suppose -3*v - 3*v = 18. Let t(j) = -j**2 + 6*j - 1. Let d(h) = 5*h - 2. Let c(k) = -3*d(k) + 2*t(k). Give c(v).
-5
Let s(p) = 2*p**3 + p**2 + 3*p. Let r(t) = 9*t**3 - 2*t**2 + 15*t + 2. Let b(c) = r(c) - 5*s(c). Determine b(-7).
2
Let h(d) = d + 2. Let k(b) = -2*b - 3. Let c(a) = -5*h(a) - 4*k(a). Let x = -9 + 14. Suppose 14 = -x*f - 11. Calculate c(f).
-13
Let b(w) = -7*w + 2. Let r(z) = -8*z + 3. Let p(t) = 4*b(t) - 3*r(t). Calculate p(1).
-5
Let w(o) = -7*o**2 + 12*o + 2. Let t(x) = 3*x**2 - 6*x - 1. Let q(a) = -5*t(a) - 2*w(a). What is q(6)?
1
Let u be 2/14 - (-32)/(-28). Let f(q) = -6*q**2 + 2*q - 1. Let s be (-6)/18 + (-4)/(-3). Let i(c) = c. Let h(n) = s*f(n) - 2*i(n). Give h(u).
-7
Let w(p) = p**3 - 5*p**2 - 9*p + 6. Let d = 635 - 629. What is w(d)?
-12
Let n(s) = 3*s + 63. Let v(l) = l + 29. Let f(m) = 2*n(m) - 5*v(m). Calculate f(8).
-11
Let w(a) be the second derivative of 0 + 4*a + 3/2*a**2 - 1/2*a**3. Let v be -5 - -2*(-4 - -5). What is w(v)?
12
Let f = 107 + -102. Suppose -4*u + 2*u - 3*n - 19 = 0, -3*n - 43 = f*u. Let a(q) = q**2 + 9*q + 8. Determine a(u).
0
Let f be -1*((-90)/(-105))/(2/7). Let y(i) = 3*i**2 + 2*i + 1. What is y(f)?
22
Let j(n) = n**2 + 5*n - 5. Let o(z) = -9*z**2 + 45*z - 5. Let h be o(5). Give j(h).
-5
Let x(p) = -2*p**3 - 4*p + 9. Let l(a) = -3*a**3 - a**2 - 8*a + 17. Let n = 30 - 25. Let i(v) = n*x(v) - 3*l(v). Calculate i(4).
-6
Let t(l) be the third derivative of -8*l**2 + 0 + 0*l**5 + 0*l - 1/6*l**3 - 1/120*l**6 - 1/24*l**4. Determine t(-1).
1
Let g(l) = 5*l - 8. Let j(y) = -y**3 + y**2 + 4*y + 1. Let w(b) = -g(b) + j(b). Determine w(0).
9
Let w(j) = j - 1. Let r = 11 - 9. Let t(s) = -2 + 0 + s + 3 - 3*s. Let l(u) = r*w(u) + 3*t(u). Calculate l(3).
-11
Let m(k) be the third derivative of 1/120*k**6 + 14*k**2 + 0*k**3 + 0 + 0*k + 1/12*k**5 + 1/24*k**4. What is m(-5)?
-5
Let g = -4 - -4. Suppose g*l + 14 = l. Suppose -l = -2*h - 3*a - 0, -2*h + 5*a - 18 = 0. Let i(m) = 16*m**3 + m**2 - m. Calculate i(h).
16
Let p(t) = 3*t + 28. Let z = -904 + 894. What is p(z)?
-2
Let z(f) = 2*f**3 - f**2 + f - 4. Let g(r) = 11*r**3 - 11*r**2 + 10*r - 25. Let q(w) = g(w) - 6*z(w). Determine q(-4).
-33
Let b(k) be the third derivative of k**4/6 - 3*k**3 - 16*k**2. Let t be b(5). Let f(q) = q**2 - 6*q + 3. Calculate f(t).
-5
Let d = 93 - 87. Let f be (-2)/(-5) - 66/(-10). Let b(o) = o**3 + 7*o - o - f*o**2 + 0*o - 9. Determine b(d).
-9
Let q be (-2)/((-4)/(-15))*76/(-95). Let k(m) = 2 + 4*m - 13 + 8 - 3*m. What is k(q)?
3
Let x(k) = 51*k 